{"id":326,"date":"2024-10-21T15:44:36","date_gmt":"2024-10-21T12:44:36","guid":{"rendered":"https:\/\/pasaj.sivildusun.net\/?page_id=326"},"modified":"2025-01-03T17:44:55","modified_gmt":"2025-01-03T14:44:55","slug":"venues","status":"publish","type":"page","link":"https:\/\/pasaj.sivildusun.net\/1\/en\/venues\/","title":{"rendered":"Venues"},"content":{"rendered":"\t\t<div data-elementor-type=\"wp-page\" data-elementor-id=\"326\" class=\"elementor elementor-326\" data-elementor-post-type=\"page\">\n\t\t\t\t<div data-particle_enable=\"false\" data-particle-mobile-disabled=\"false\" class=\"elementor-element elementor-element-ded92e0 e-flex e-con-boxed e-con e-parent\" data-id=\"ded92e0\" data-element_type=\"container\">\n\t\t\t\t\t<div class=\"e-con-inner\">\n\t\t\t\t<div class=\"elementor-element elementor-element-3122480 elementor-widget elementor-widget-spacer\" data-id=\"3122480\" data-element_type=\"widget\" data-widget_type=\"spacer.default\">\n\t\t\t\t<div class=\"elementor-widget-container\">\n\t\t\t\t\t\t\t<div class=\"elementor-spacer\">\n\t\t\t<div class=\"elementor-spacer-inner\"><\/div>\n\t\t<\/div>\n\t\t\t\t\t\t<\/div>\n\t\t\t\t<\/div>\n\t\t\t\t<div class=\"elementor-element elementor-element-d36cc4e elementor-widget elementor-widget-image\" data-id=\"d36cc4e\" data-element_type=\"widget\" data-widget_type=\"image.default\">\n\t\t\t\t<div class=\"elementor-widget-container\">\n\t\t\t\t\t\t\t\t\t\t\t\t\t\t\t<img fetchpriority=\"high\" decoding=\"async\" width=\"800\" height=\"181\" src=\"https:\/\/pasaj.sivildusun.net\/1\/wp-content\/uploads\/2024\/11\/map-6-e1732620554749-1024x232.png\" class=\"attachment-large size-large wp-image-677\" alt=\"\" srcset=\"https:\/\/pasaj.sivildusun.net\/1\/wp-content\/uploads\/2024\/11\/map-6-e1732620554749-1024x232.png 1024w, https:\/\/pasaj.sivildusun.net\/1\/wp-content\/uploads\/2024\/11\/map-6-e1732620554749-300x68.png 300w, https:\/\/pasaj.sivildusun.net\/1\/wp-content\/uploads\/2024\/11\/map-6-e1732620554749-768x174.png 768w, https:\/\/pasaj.sivildusun.net\/1\/wp-content\/uploads\/2024\/11\/map-6-e1732620554749-1536x348.png 1536w, https:\/\/pasaj.sivildusun.net\/1\/wp-content\/uploads\/2024\/11\/map-6-e1732620554749.png 1920w\" sizes=\"(max-width: 800px) 100vw, 800px\" \/>\t\t\t\t\t\t\t\t\t\t\t\t\t\t\t<\/div>\n\t\t\t\t<\/div>\n\t\t\t\t<div class=\"elementor-element elementor-element-7a8d0b1 elementor-widget elementor-widget-text-editor\" data-id=\"7a8d0b1\" data-element_type=\"widget\" data-widget_type=\"text-editor.default\">\n\t\t\t\t<div class=\"elementor-widget-container\">\n\t\t\t\t\t\t\t\t\t<p>PASAJ began on Monday, 9 December 2024, with a reception celebrating Human Rights Day at Rumeli Passage. On Tuesday, 10 December 2024, general sessions, panel discussions, and workshops were held at The Marmara Taksim Hotel. That same day, we walked together along \u0130stiklal Avenue to \u00c7i\u00e7ek Passage for lunch.<\/p><p>All of PASAJ\u2019s events took place in Beyo\u011flu, one of Istanbul\u2019s most vibrant districts, and this was no random choice. The neighbourhood, with its rich history of witnessing countless events, embracing diversity, hosting numerous struggles for rights, and its many passageways, naturally intertwined with PASAJ\u2019s story.<\/p>\t\t\t\t\t\t\t\t<\/div>\n\t\t\t\t<\/div>\n\t\t\t\t<div class=\"elementor-element elementor-element-f3260bb elementor-widget elementor-widget-spacer\" data-id=\"f3260bb\" data-element_type=\"widget\" data-widget_type=\"spacer.default\">\n\t\t\t\t<div class=\"elementor-widget-container\">\n\t\t\t\t\t\t\t<div class=\"elementor-spacer\">\n\t\t\t<div class=\"elementor-spacer-inner\"><\/div>\n\t\t<\/div>\n\t\t\t\t\t\t<\/div>\n\t\t\t\t<\/div>\n\t\t\t\t\t<\/div>\n\t\t\t\t<\/div>\n\t\t<div data-particle_enable=\"false\" data-particle-mobile-disabled=\"false\" class=\"elementor-element elementor-element-ed8a1f6 e-grid e-con-boxed e-con e-parent\" data-id=\"ed8a1f6\" data-element_type=\"container\" data-settings=\"{&quot;background_background&quot;:&quot;classic&quot;}\">\n\t\t\t\t\t<div class=\"e-con-inner\">\n\t\t\t\t<div class=\"elementor-element elementor-element-c80a977 elementor-widget elementor-widget-text-editor\" data-id=\"c80a977\" data-element_type=\"widget\" data-widget_type=\"text-editor.default\">\n\t\t\t\t<div class=\"elementor-widget-container\">\n\t\t\t\t\t\t\t\t\t<h2 style=\"font-weight: 400;\"><strong>Rumeli Han Passage<\/strong><\/h2><p style=\"font-weight: 400;\">Since its opening in 1894, the Rumeli Han Passage in Beyo\u011flu has been an essential space for nurturing artisans and culture. We will meet there on 9 December for a reception to celebrate Human Rights Day.\u00a0 Rumeli Han is next door to the Aga Mosque on Istiklal Street.<\/p>\t\t\t\t\t\t\t\t<\/div>\n\t\t\t\t<\/div>\n\t\t\t\t<div class=\"elementor-element elementor-element-340dc0d elementor-widget elementor-widget-image\" data-id=\"340dc0d\" data-element_type=\"widget\" data-widget_type=\"image.default\">\n\t\t\t\t<div class=\"elementor-widget-container\">\n\t\t\t\t\t\t\t\t\t\t\t\t\t\t\t<img decoding=\"async\" width=\"300\" height=\"300\" src=\"https:\/\/pasaj.sivildusun.net\/1\/wp-content\/uploads\/2024\/10\/neden-bir-araya-geliyoruz-3-300x300.png\" class=\"attachment-medium size-medium wp-image-195\" alt=\"\" srcset=\"https:\/\/pasaj.sivildusun.net\/1\/wp-content\/uploads\/2024\/10\/neden-bir-araya-geliyoruz-3-300x300.png 300w, https:\/\/pasaj.sivildusun.net\/1\/wp-content\/uploads\/2024\/10\/neden-bir-araya-geliyoruz-3-1024x1024.png 1024w, https:\/\/pasaj.sivildusun.net\/1\/wp-content\/uploads\/2024\/10\/neden-bir-araya-geliyoruz-3-150x150.png 150w, https:\/\/pasaj.sivildusun.net\/1\/wp-content\/uploads\/2024\/10\/neden-bir-araya-geliyoruz-3-768x768.png 768w, https:\/\/pasaj.sivildusun.net\/1\/wp-content\/uploads\/2024\/10\/neden-bir-araya-geliyoruz-3.png 1080w\" sizes=\"(max-width: 300px) 100vw, 300px\" \/>\t\t\t\t\t\t\t\t\t\t\t\t\t\t\t<\/div>\n\t\t\t\t<\/div>\n\t\t\t\t<div class=\"elementor-element elementor-element-5d274cd elementor-widget elementor-widget-google_maps\" data-id=\"5d274cd\" data-element_type=\"widget\" data-widget_type=\"google_maps.default\">\n\t\t\t\t<div class=\"elementor-widget-container\">\n\t\t\t\t\t\t\t<div class=\"elementor-custom-embed\">\n\t\t\t<iframe loading=\"lazy\"\n\t\t\t\t\tsrc=\"https:\/\/maps.google.com\/maps?q=Rumeli%20han&#038;t=m&#038;z=16&#038;output=embed&#038;iwloc=near\"\n\t\t\t\t\ttitle=\"Rumeli han\"\n\t\t\t\t\taria-label=\"Rumeli han\"\n\t\t\t><\/iframe>\n\t\t<\/div>\n\t\t\t\t\t\t<\/div>\n\t\t\t\t<\/div>\n\t\t\t\t\t<\/div>\n\t\t\t\t<\/div>\n\t\t<div data-particle_enable=\"false\" data-particle-mobile-disabled=\"false\" class=\"elementor-element elementor-element-0ddba82 e-flex e-con-boxed e-con e-parent\" data-id=\"0ddba82\" data-element_type=\"container\">\n\t\t\t\t\t<div class=\"e-con-inner\">\n\t\t\t\t<div class=\"elementor-element elementor-element-458a72a elementor-widget elementor-widget-spacer\" data-id=\"458a72a\" data-element_type=\"widget\" data-widget_type=\"spacer.default\">\n\t\t\t\t<div class=\"elementor-widget-container\">\n\t\t\t\t\t\t\t<div class=\"elementor-spacer\">\n\t\t\t<div class=\"elementor-spacer-inner\"><\/div>\n\t\t<\/div>\n\t\t\t\t\t\t<\/div>\n\t\t\t\t<\/div>\n\t\t\t\t\t<\/div>\n\t\t\t\t<\/div>\n\t\t<div data-particle_enable=\"false\" data-particle-mobile-disabled=\"false\" class=\"elementor-element elementor-element-e0efab4 e-flex e-con-boxed e-con e-parent\" data-id=\"e0efab4\" data-element_type=\"container\">\n\t\t\t\t\t<div class=\"e-con-inner\">\n\t\t\t\t\t<\/div>\n\t\t\t\t<\/div>\n\t\t<div data-particle_enable=\"false\" data-particle-mobile-disabled=\"false\" class=\"elementor-element elementor-element-6a4acfa e-grid e-con-boxed e-con e-parent\" data-id=\"6a4acfa\" data-element_type=\"container\" data-settings=\"{&quot;background_background&quot;:&quot;classic&quot;}\">\n\t\t\t\t\t<div class=\"e-con-inner\">\n\t\t\t\t<div class=\"elementor-element elementor-element-b7ec833 elementor-widget elementor-widget-text-editor\" data-id=\"b7ec833\" data-element_type=\"widget\" data-widget_type=\"text-editor.default\">\n\t\t\t\t<div class=\"elementor-widget-container\">\n\t\t\t\t\t\t\t\t\t<h2 style=\"font-weight: 400;\"><strong>\u00c7i\u00e7ek Passage<\/strong><\/h2><p style=\"font-weight: 400;\">\u00c7i\u00e7ek Passage, also known as Cit\u00e9 de P\u00e9ra, is a charming structure built in 1876 and is located just a few meters from Atlas and Rumeli Han Passage on Istiklal Street. We will gather there for lunch. For nearly 150 years, the \u00c7i\u00e7ek Passage has been the perfect backdrop for millions to enjoy culture, good food, and conversation.\u00a0 We hope the atmosphere will help foster meaningful conversation and networking on ways to enrich and strengthen rights-based work.<\/p>\t\t\t\t\t\t\t\t<\/div>\n\t\t\t\t<\/div>\n\t\t\t\t<div class=\"elementor-element elementor-element-d6633ff elementor-widget elementor-widget-image\" data-id=\"d6633ff\" data-element_type=\"widget\" data-widget_type=\"image.default\">\n\t\t\t\t<div class=\"elementor-widget-container\">\n\t\t\t\t\t\t\t\t\t\t\t\t\t\t\t<img decoding=\"async\" width=\"300\" height=\"300\" src=\"https:\/\/pasaj.sivildusun.net\/1\/wp-content\/uploads\/2024\/10\/neden-bir-araya-geliyoruz-5-300x300.png\" class=\"attachment-medium size-medium wp-image-197\" alt=\"\" srcset=\"https:\/\/pasaj.sivildusun.net\/1\/wp-content\/uploads\/2024\/10\/neden-bir-araya-geliyoruz-5-300x300.png 300w, https:\/\/pasaj.sivildusun.net\/1\/wp-content\/uploads\/2024\/10\/neden-bir-araya-geliyoruz-5-1024x1024.png 1024w, https:\/\/pasaj.sivildusun.net\/1\/wp-content\/uploads\/2024\/10\/neden-bir-araya-geliyoruz-5-150x150.png 150w, https:\/\/pasaj.sivildusun.net\/1\/wp-content\/uploads\/2024\/10\/neden-bir-araya-geliyoruz-5-768x768.png 768w, https:\/\/pasaj.sivildusun.net\/1\/wp-content\/uploads\/2024\/10\/neden-bir-araya-geliyoruz-5.png 1080w\" sizes=\"(max-width: 300px) 100vw, 300px\" \/>\t\t\t\t\t\t\t\t\t\t\t\t\t\t\t<\/div>\n\t\t\t\t<\/div>\n\t\t\t\t<div class=\"elementor-element elementor-element-549ce48 elementor-widget elementor-widget-google_maps\" data-id=\"549ce48\" data-element_type=\"widget\" data-widget_type=\"google_maps.default\">\n\t\t\t\t<div class=\"elementor-widget-container\">\n\t\t\t\t\t\t\t<div class=\"elementor-custom-embed\">\n\t\t\t<iframe loading=\"lazy\"\n\t\t\t\t\tsrc=\"https:\/\/maps.google.com\/maps?q=%C3%A7i%C3%A7ek%20pasaj%C4%B1&#038;t=m&#038;z=16&#038;output=embed&#038;iwloc=near\"\n\t\t\t\t\ttitle=\"\u00e7i\u00e7ek pasaj\u0131\"\n\t\t\t\t\taria-label=\"\u00e7i\u00e7ek pasaj\u0131\"\n\t\t\t><\/iframe>\n\t\t<\/div>\n\t\t\t\t\t\t<\/div>\n\t\t\t\t<\/div>\n\t\t\t\t\t<\/div>\n\t\t\t\t<\/div>\n\t\t<div data-particle_enable=\"false\" data-particle-mobile-disabled=\"false\" class=\"elementor-element elementor-element-db11dcf e-flex e-con-boxed e-con e-parent\" data-id=\"db11dcf\" data-element_type=\"container\">\n\t\t\t\t\t<div class=\"e-con-inner\">\n\t\t\t\t<div class=\"elementor-element elementor-element-e1aaf7a elementor-widget elementor-widget-spacer\" data-id=\"e1aaf7a\" data-element_type=\"widget\" data-widget_type=\"spacer.default\">\n\t\t\t\t<div class=\"elementor-widget-container\">\n\t\t\t\t\t\t\t<div class=\"elementor-spacer\">\n\t\t\t<div class=\"elementor-spacer-inner\"><\/div>\n\t\t<\/div>\n\t\t\t\t\t\t<\/div>\n\t\t\t\t<\/div>\n\t\t\t\t\t<\/div>\n\t\t\t\t<\/div>\n\t\t\t\t<\/div>\n\t\t","protected":false},"excerpt":{"rendered":"<p>PASAJ began on Monday, 9 December 2024, with a reception celebrating Human Rights Day at Rumeli Passage. On Tuesday, 10 December 2024, general sessions, panel discussions, and workshops were held at The Marmara Taksim Hotel. That same day, we walked together along \u0130stiklal Avenue to \u00c7i\u00e7ek Passage for lunch. All of PASAJ\u2019s events took place [&hellip;]<\/p>\n","protected":false},"author":2,"featured_media":0,"parent":0,"menu_order":0,"comment_status":"closed","ping_status":"closed","template":"","meta":{"footnotes":""},"class_list":["post-326","page","type-page","status-publish","hentry"],"_links":{"self":[{"href":"https:\/\/pasaj.sivildusun.net\/1\/wp-json\/wp\/v2\/pages\/326","targetHints":{"allow":["GET"]}}],"collection":[{"href":"https:\/\/pasaj.sivildusun.net\/1\/wp-json\/wp\/v2\/pages"}],"about":[{"href":"https:\/\/pasaj.sivildusun.net\/1\/wp-json\/wp\/v2\/types\/page"}],"author":[{"embeddable":true,"href":"https:\/\/pasaj.sivildusun.net\/1\/wp-json\/wp\/v2\/users\/2"}],"replies":[{"embeddable":true,"href":"https:\/\/pasaj.sivildusun.net\/1\/wp-json\/wp\/v2\/comments?post=326"}],"version-history":[{"count":22,"href":"https:\/\/pasaj.sivildusun.net\/1\/wp-json\/wp\/v2\/pages\/326\/revisions"}],"predecessor-version":[{"id":1648,"href":"https:\/\/pasaj.sivildusun.net\/1\/wp-json\/wp\/v2\/pages\/326\/revisions\/1648"}],"wp:attachment":[{"href":"https:\/\/pasaj.sivildusun.net\/1\/wp-json\/wp\/v2\/media?parent=326"}],"curies":[{"name":"wp","href":"https:\/\/api.w.org\/{rel}","templated":true}]}}